culate the remainder when 2439777 is divided by 785.
782
What is the remainder when 7655639 is divided by 786?
785
Calculate the remainder when 148500590 is divided by 99.
95
Calculate the remainder when 58256565 is divided by 590.
555
Calculate the remainder when 205233 is divided by 12.
9
What is the remainder when 30039 is divided by 953?
496
What is the remainder when 2155112 is divided by 5231?
5171
Calculate the remainder when 138888022 is divided by 643.
22
Calculate the remainder when 1880421 is divided by 47.
45
Calculate the remainder when 25032 is divided by 807.
15
What is the remainder when 398456 is divided by 94?
84
Calculate the remainder when 6627881 is divided by 508.
5
Calculate the remainder when 6375875 is divided by 35.
30
What is the remainder when 222978 is divided by 11727?
165
What is the remainder when 77044 is divided by 1524?
844
What is the remainder when 5625870 is divided by 4465?
4435
Calculate the remainder when 165270 is divided by 908.
14
Calculate the remainder when 350012 is divided by 849.
224
What is the remainder when 12852982 is divided by 3213244?
6
What is the remainder when 17249074 is divided by 13?
11
Calculate the remainder when 2398 is divided by 415.
323
What is the remainder when 28528410 is divided by 44?
42
What is the remainder when 3104 is divided by 1217?
670
What is the remainder when 64844123 is divided by 123?
122
Calculate the remainder when 6208935 is divided by 3104467.
1
What is the remainder when 51816 is divided by 806?
232
Calculate the remainder when 31176340 is divided by 6235266.
10
What is the remainder when 1064999 is divided by 266087?
651
What is the remainder when 55867 is divided by 782?
345
What is the remainder when 40816 is divided by 6753?
298
Calculate the remainder when 2232449 is divided by 469.
9
What is the remainder when 83307552 is divided by 152?
0
What is the remainder when 467698 is divided by 188?
142
What is the remainder when 33636 is divided by 1346?
1332
What is the remainder when 185875 is divided by 24783?
12394
What is the remainder when 781043 is divided by 5881?
4751
What is the remainder when 2715369 is divided by 1357676?
17
What is the remainder when 3241826 is divided by 810439?
70
What is the remainder when 11363774 is divided by 2012?
2010
What is the remainder when 95762764 is divided by 136?
132
Calculate the remainder when 394593 is divided by 928.
193
Calculate the remainder when 1319910 is divided by 4385.
25
Calculate the remainder when 59440435 is divided by 1796.
19
What is the remainder when 6393740 is divided by 9?
5
Calculate the remainder when 68672 is divided by 35.
2
Calculate the remainder when 1062155917 is divided by 2890.
2887
Calculate the remainder when 70703 is divided by 261.
233
What is the remainder when 2511804 is divided by 3349?
54
What is the remainder when 37034294 is divided by 164?
142
What is the remainder when 858305533 is divided by 8096?
8093
What is the remainder when 41076099 is divided by 247?
246
What is the remainder when 126045 is divided by 977?
12
Calculate the remainder when 404882 is divided by 286.
192
What is the remainder when 371356 is divided by 1045?
381
Calculate the remainder when 84432 is divided by 42139.
154
Calculate the remainder when 162588 is divided by 1889.
134
Calculate the remainder when 149416 is divided by 2454.
2176
What is the remainder when 1854797 is divided by 120?
77
What is the remainder when 13878141 is divided by 25?
16
Calculate the remainder when 1274375 is divided by 4978.
7
Calculate the remainder when 4170801 is divided by 560.
481
What is the remainder when 102229763 is divided by 9?
5
What is the remainder when 2628327 is divided by 1314111?
105
Calculate the remainder when 465832 is divided by 2967.
13
What is the remainder when 4141213 is divided by 1360?
13
Calculate the remainder when 63948 is divided by 3152.
908
What is the remainder when 30016981 is divided by 3752115?
61
Calculate the remainder when 11628829 is divided by 5.
4
What is the remainder when 9124 is divided by 8060?
1064
What is the remainder when 225684267 is divided by 90?
87
What is the remainder when 28354307 is divided by 1050159?
14
What is the remainder when 21935618 is divided by 238428?
242
Calculate the remainder when 287475 is divided by 3996.
3759
Calculate the remainder when 131618 is divided by 3.
2
What is the remainder when 760850 is divided by 1209?
389
What is the remainder when 184563 is divided by 1918?
435
Calculate the remainder when 189555 is divided by 21057.
42
What is the remainder when 3358375 is divided by 40955?
65
Calculate the remainder when 4573499 is divided by 415750.
249
What is the remainder when 624840 is divided by 27165?
45
Calculate the remainder when 7958 is divided by 1220.
638
Calculate the remainder when 106840 is divided by 1174.
6
Calculate the remainder when 7899587 is divided by 10866.
5
Calculate the remainder when 361708 is divided by 360720.
988
What is the remainder when 109438 is divided by 77?
21
Calculate the remainder when 2499863 is divided by 12.
11
Calculate the remainder when 3180412 is divided by 636068.
72
What is the remainder when 50375 is divided by 1046?
167
What is the remainder when 5227441 is divided by 39601?
109
What is the remainder when 6501035 is divided by 1320?
35
Calculate the remainder when 38239019 is divided by 20.
19
Calculate the remainder when 290506072 is divided by 977.
7
What is the remainder when 12748215 is divided by 778?
685
Calculate the remainder when 186825 is divided by 993.
141
Calculate the remainder when 119369 is divided by 1414.
593
What is the remainder when 39436 is divided by 3162?
1492
Calculate the remainder when 6519922 is divided by 1351.
1347
Calculate the remainder when 7242576 is divided by 6.
0
What is the remainder when 770003 is divided by 64166?
11
What is the remainder when 14520402 is divided by 4840060?
222
Calculate the remainder when 138768592 is divided by 2174.
2172
Calculate the remainder when 33677103 is divided by 698.
697
Calculate the remainder when 4196818 is divided by 48238.
112
What is the remainder when 25941555 is divided by 1729437?
0
Calculate the remainder when 686379 is divided by 3147.
333
What is the remainder when 174045 is divided by 336?
333
What is the remainder when 56000 is divided by 18629?
113
Calculate the remainder when 1071703 is divided by 1071687.
16
Calculate the remainder when 14009581 is divided by 514.
511
Calculate the remainder when 28952998 is divided by 6434.
6432
What is the remainder when 3874630 is divided by 8022?
4
Calculate the remainder when 2492929 is divided by 18330.
49
Calculate the remainder when 712107 is divided by 177173.
3415
Calculate the remainder when 77881722 is divided by 1222.
1218
What is the remainder when 1732751 is divided by 81?
80
Calculate the remainder when 370978 is divided by 1455.
1408
Calculate the remainder when 362785571 is divided by 17.
12
What is the remainder when 60470 is divided by 250?
220
Calculate the remainder when 1066783 is divided by 76.
47
Calculate the remainder when 458068 is divided by 13462.
360
Calculate the remainder when 83367502 is divided by 17.
12
Calculate the remainder when 6775 is divided by 1083.
277
Calculate the remainder when 988385 is divided by 1598.
821
What is the remainder when 182099168 is divided by 110?
108
What is the remainder when 135148 is divided by 731?
644
What is the remainder when 279330 is divided by 13298?
72
What is the remainder when 790355 is divided by 3028?
47
What is the remainder when 65871480 is divided by 50?
30
Calculate the remainder when 8901977 is divided by 684764.
45
Calculate the remainder when 371854 is divided by 36954.
2314
What is the remainder when 10374065 is divided by 296399?
100
What is the remainder when 55087 is divided by 54826?
261
Calculate the remainder when 1895667 is divided by 315943.
9
What is the remainder when 359840 is divided by 359702?
138
What is the remainder when 13996522 is divided by 364?
358
Calculate the remainder when 11607234 is divided by 2761.
2751
What is the remainder when 248661 is divided by 3032?
37
What is the remainder when 609001 is divided by 12?
1
What is the remainder when 15233376 is 